n 6343 is divided by 6272?
71
Calculate the remainder when 884 is divided by 227.
203
What is the remainder when 11434 is divided by 1611?
157
Calculate the remainder when 44513 is divided by 20.
13
What is the remainder when 347578 is divided by 180?
178
What is the remainder when 32703 is divided by 31?
29
What is the remainder when 1141 is divided by 564?
13
Calculate the remainder when 3569 is divided by 1298.
973
What is the remainder when 138657 is divided by 233?
22
What is the remainder when 96174 is divided by 31?
12
What is the remainder when 21833 is divided by 7272?
17
What is the remainder when 396260 is divided by 4?
0
What is the remainder when 99574 is divided by 18?
16
What is the remainder when 74674 is divided by 37?
8
Calculate the remainder when 5629 is divided by 1110.
79
Calculate the remainder when 22893 is divided by 587.
0
What is the remainder when 68823 is divided by 695?
18
Calculate the remainder when 1686 is divided by 763.
160
Calculate the remainder when 1573345 is divided by 29.
8
Calculate the remainder when 4710 is divided by 61.
13
What is the remainder when 101537 is divided by 17?
13
What is the remainder when 167724 is divided by 83813?
98
Calculate the remainder when 273223 is divided by 119.
118
Calculate the remainder when 9501 is divided by 639.
555
Calculate the remainder when 14592 is divided by 251.
34
What is the remainder when 4642 is divided by 1157?
14
Calculate the remainder when 25277 is divided by 6.
5
What is the remainder when 14982 is divided by 15?
12
Calculate the remainder when 3175430 is divided by 104.
102
Calculate the remainder when 38799 is divided by 7753.
34
What is the remainder when 12981 is divided by 60?
21
Calculate the remainder when 1746 is divided by 180.
126
Calculate the remainder when 23655 is divided by 54.
3
What is the remainder when 32027 is divided by 32022?
5
What is the remainder when 2372 is divided by 471?
17
What is the remainder when 29939 is divided by 12?
11
Calculate the remainder when 12681 is divided by 6335.
11
Calculate the remainder when 16448 is divided by 10.
8
What is the remainder when 4038 is divided by 126?
6
What is the remainder when 10231 is divided by 3400?
31
What is the remainder when 31603 is divided by 15649?
305
What is the remainder when 13054 is divided by 4349?
7
Calculate the remainder when 125707 is divided by 152.
3
What is the remainder when 20492 is divided by 4090?
42
What is the remainder when 2861 is divided by 1456?
1405
Calculate the remainder when 5407 is divided by 2587.
233
What is the remainder when 2905 is divided by 22?
1
Calculate the remainder when 85649 is divided by 28530.
59
Calculate the remainder when 2624009 is divided by 347.
342
Calculate the remainder when 3634 is divided by 21.
1
What is the remainder when 14469 is divided by 1204?
21
What is the remainder when 14710 is divided by 315?
220
What is the remainder when 1666 is divided by 172?
118
What is the remainder when 666 is divided by 85?
71
Calculate the remainder when 433 is divided by 290.
143
What is the remainder when 851795 is divided by 12?
11
What is the remainder when 937 is divided by 19?
6
Calculate the remainder when 129006 is divided by 18423.
45
Calculate the remainder when 5216 is divided by 61.
31
Calculate the remainder when 99867 is divided by 799.
791
What is the remainder when 93639 is divided by 10?
9
What is the remainder when 12365 is divided by 4101?
62
What is the remainder when 859 is divided by 3?
1
Calculate the remainder when 31201 is divided by 33.
16
Calculate the remainder when 36980 is divided by 14.
6
Calculate the remainder when 21997 is divided by 414.
55
Calculate the remainder when 5563 is divided by 372.
355
What is the remainder when 122319 is divided by 149?
139
What is the remainder when 33376 is divided by 377?
200
What is the remainder when 1242 is divided by 46?
0
Calculate the remainder when 43673 is divided by 59.
13
Calculate the remainder when 6387 is divided by 10.
7
Calculate the remainder when 12870 is divided by 21.
18
Calculate the remainder when 7569 is divided by 113.
111
Calculate the remainder when 698 is divided by 57.
14
Calculate the remainder when 7876 is divided by 35.
1
What is the remainder when 123835 is divided by 5384?
3
Calculate the remainder when 7289 is divided by 208.
9
Calculate the remainder when 1147894 is divided by 5.
4
Calculate the remainder when 612 is divided by 212.
188
Calculate the remainder when 77146 is divided by 9.
7
What is the remainder when 3095 is divided by 73?
29
What is the remainder when 1595340 is divided by 223?
221
What is the remainder when 97417 is divided by 161?
12
Calculate the remainder when 32038 is divided by 199.
198
Calculate the remainder when 3608 is divided by 157.
154
What is the remainder when 3353 is divided by 7?
0
Calculate the remainder when 3375 is divided by 1968.
1407
What is the remainder when 219260 is divided by 27?
20
Calculate the remainder when 8588 is divided by 1221.
41
Calculate the remainder when 11018 is divided by 367.
8
Calculate the remainder when 11102 is divided by 433.
277
Calculate the remainder when 227499 is divided by 32.
11
Calculate the remainder when 13123 is divided by 28.
19
Calculate the remainder when 1256 is divided by 400.
56
What is the remainder when 45648 is divided by 1984?
16
What is the remainder when 42702 is divided by 65?
62
Calculate the remainder when 53375 is divided by 953.
7
What is the remainder when 2203 is divided by 148?
131
What is the remainder when 23450 is divided by 50?
0
What is the remainder when 1664 is divided by 423?
395
Calculate the remainder when 2487 is divided by 91.
30
Calculate the remainder when 5452 is divided by 1750.
202
Calculate the remainder when 12278 is divided by 205.
183
What is the remainder when 339600 is divided by 67918?
10
Calculate the remainder when 192 is divided by 159.
33
What is the remainder when 9787 is divided by 28?
15
Calculate the remainder when 23601 is divided by 3367.
32
Calculate the remainder when 124741 is divided by 368.
357
What is the remainder when 1796 is divided by 9?
5
Calculate the remainder when 33663 is divided by 236.
151
What is the remainder when 76080 is divided by 23?
19
Calculate the remainder when 2469 is divided by 601.
65
What is the remainder when 10659 is divided by 511?
439
What is the remainder when 304479 is divided by 54?
27
Calculate the remainder when 41546 is divided by 51.
32
Calculate the remainder when 18450 is divided by 17.
5
Calculate the remainder when 6906 is divided by 6472.
434
Calculate the remainder when 8476 is divided by 181.
150
What is the remainder when 5625839 is divided by 220?
219
What is the remainder when 825547 is divided by 26?
21
Calculate the remainder when 337785 is divided by 112585.
30
Calculate the remainder when 142121 is divided by 112.
105
What is the remainder when 3954388 is divided by 167?
162
What is the remainder when 17518 is divided by 64?
46
Calculate the remainder when 2911 is divided by 658.
279
What is the remainder when 130165 is divided by 527?
523
What is the remainder when 2666873 is divided by 329?
328
What is the remainder when 2750 is divided by 1373?
4
Calculate the remainder when 4303 is divided by 251.
36
Calculate the remainder when 6877 is divided by 27.
19
Calculate the remainder when 630264 is divided by 182.
180
What is the remainder when 6600 is divided by 599?
11
What is the remainder when 124167 is divided by 278?
179
What is the remainder when 24620 is divided by 56?
36
Calculate the remainder when 2293968 is divided by 1847.
1841
What is the remainder when 680234 is divided by 442?
438
What is the remainder when 7424863 is divided by 74?
73
Calculate the remainder when 42009 is divided by 86.
41
Calculate the remainder when 2927 is divided by 376.
295
Calculate the remainder when 6991 is divided by 66.
61
What is the remainder when 3172 is divided by 675?
472
What is the remainder when 51754 is divided by 12739?
798
Calculate the remainder when 1268 is divided by 1174.
94
What is the remainder when 50875 is divided by 320?
315
What is the remainder when 1251 is divided by 733?
518
Calculate the remainder when 38457 is divided by 26.
3
Cal